{"id":1002,"date":"2025-08-29T12:08:59","date_gmt":"2025-08-29T12:08:59","guid":{"rendered":"https:\/\/div.objektahausverwaltung.de\/?page_id=1002"},"modified":"2025-09-19T09:07:09","modified_gmt":"2025-09-19T09:07:09","slug":"immobilienabend","status":"publish","type":"page","link":"https:\/\/objektahausverwaltung.de\/index.php\/immobilienabend\/","title":{"rendered":"Immobilienabend"},"content":{"rendered":"\t\t<div data-elementor-type=\"wp-page\" data-elementor-id=\"1002\" class=\"elementor elementor-1002\" data-elementor-post-type=\"page\">\n\t\t\t\t<div class=\"elementor-element elementor-element-d760d3d e-flex e-con-boxed e-con e-parent\" data-id=\"d760d3d\" data-element_type=\"container\" data-settings=\"{&quot;background_background&quot;:&quot;classic&quot;}\">\n\t\t\t\t\t<div class=\"e-con-inner\">\n\t\t<div class=\"elementor-element elementor-element-9a1764f e-con-full e-flex e-con e-child\" data-id=\"9a1764f\" data-element_type=\"container\">\n\t\t\t\t<div class=\"elementor-element elementor-element-c2ef2c4 elementor-widget elementor-widget-heading\" data-id=\"c2ef2c4\" data-element_type=\"widget\" data-widget_type=\"heading.default\">\n\t\t\t\t\t<h3 class=\"elementor-heading-title elementor-size-default\">R\u00fcckblick auf den 14. Aachener Immobilienabend\n<\/h3>\t\t\t\t<\/div>\n\t\t\t\t<div class=\"elementor-element elementor-element-010ba99 elementor-widget elementor-widget-video\" data-id=\"010ba99\" data-element_type=\"widget\" data-settings=\"{&quot;youtube_url&quot;:&quot;https:\\\/\\\/youtu.be\\\/AsokD4eidSQ?feature=shared&quot;,&quot;show_image_overlay&quot;:&quot;yes&quot;,&quot;image_overlay&quot;:{&quot;url&quot;:&quot;https:\\\/\\\/objektahausverwaltung.de\\\/wp-content\\\/uploads\\\/2025\\\/08\\\/immobilienabend_14_video_thum.jpg&quot;,&quot;id&quot;:1026,&quot;size&quot;:&quot;&quot;,&quot;alt&quot;:&quot;&quot;,&quot;source&quot;:&quot;library&quot;},&quot;video_type&quot;:&quot;youtube&quot;,&quot;controls&quot;:&quot;yes&quot;}\" data-widget_type=\"video.default\">\n\t\t\t\t\t\t\t<div class=\"elementor-wrapper elementor-open-inline\">\n\t\t\t<div class=\"elementor-video\"><\/div>\t\t\t\t<div class=\"elementor-custom-embed-image-overlay\" style=\"background-image: url(https:\/\/objektahausverwaltung.de\/wp-content\/uploads\/2025\/08\/immobilienabend_14_video_thum.jpg);\">\n\t\t\t\t\t\t\t\t\t\t\t\t\t\t\t\t<div class=\"elementor-custom-embed-play\" role=\"button\" aria-label=\"Video abspielen\" tabindex=\"0\">\n\t\t\t\t\t\t\t<svg aria-hidden=\"true\" class=\"e-font-icon-svg e-fab-youtube\" viewBox=\"0 0 576 512\" xmlns=\"http:\/\/www.w3.org\/2000\/svg\"><path d=\"M549.655 124.083c-6.281-23.65-24.787-42.276-48.284-48.597C458.781 64 288 64 288 64S117.22 64 74.629 75.486c-23.497 6.322-42.003 24.947-48.284 48.597-11.412 42.867-11.412 132.305-11.412 132.305s0 89.438 11.412 132.305c6.281 23.65 24.787 41.5 48.284 47.821C117.22 448 288 448 288 448s170.78 0 213.371-11.486c23.497-6.321 42.003-24.171 48.284-47.821 11.412-42.867 11.412-132.305 11.412-132.305s0-89.438-11.412-132.305zm-317.51 213.508V175.185l142.739 81.205-142.739 81.201z\"><\/path><\/svg>\t\t\t\t\t\t<\/div>\n\t\t\t\t\t\t\t\t\t<\/div>\n\t\t\t\t\t<\/div>\n\t\t\t\t\t\t<\/div>\n\t\t\t\t<\/div>\n\t\t<div class=\"elementor-element elementor-element-64f386e e-con-full e-flex e-con e-child\" data-id=\"64f386e\" data-element_type=\"container\">\n\t\t\t\t<div class=\"elementor-element elementor-element-9cc8e50 elementor-widget elementor-widget-image\" data-id=\"9cc8e50\" data-element_type=\"widget\" data-widget_type=\"image.default\">\n\t\t\t\t\t\t\t\t\t\t\t\t\t\t\t<img fetchpriority=\"high\" decoding=\"async\" width=\"800\" height=\"421\" src=\"https:\/\/objektahausverwaltung.de\/wp-content\/uploads\/2025\/08\/immobilienabend_14_thum.jpg\" class=\"attachment-large size-large wp-image-1030\" alt=\"\" srcset=\"https:\/\/objektahausverwaltung.de\/wp-content\/uploads\/2025\/08\/immobilienabend_14_thum.jpg 920w, https:\/\/objektahausverwaltung.de\/wp-content\/uploads\/2025\/08\/immobilienabend_14_thum-300x158.jpg 300w, https:\/\/objektahausverwaltung.de\/wp-content\/uploads\/2025\/08\/immobilienabend_14_thum-768x404.jpg 768w\" sizes=\"(max-width: 800px) 100vw, 800px\" \/>\t\t\t\t\t\t\t\t\t\t\t\t\t\t\t<\/div>\n\t\t\t\t<div class=\"elementor-element elementor-element-b1c218e elementor-widget elementor-widget-image\" data-id=\"b1c218e\" data-element_type=\"widget\" data-widget_type=\"image.default\">\n\t\t\t\t\t\t\t\t\t\t\t\t\t\t\t<img decoding=\"async\" width=\"800\" height=\"420\" src=\"https:\/\/objektahausverwaltung.de\/wp-content\/uploads\/2025\/08\/objekta_immobilienabend_14_thum-1024x538.jpg\" class=\"attachment-large size-large wp-image-1031\" alt=\"\" srcset=\"https:\/\/objektahausverwaltung.de\/wp-content\/uploads\/2025\/08\/objekta_immobilienabend_14_thum-1024x538.jpg 1024w, https:\/\/objektahausverwaltung.de\/wp-content\/uploads\/2025\/08\/objekta_immobilienabend_14_thum-300x158.jpg 300w, https:\/\/objektahausverwaltung.de\/wp-content\/uploads\/2025\/08\/objekta_immobilienabend_14_thum-768x404.jpg 768w, https:\/\/objektahausverwaltung.de\/wp-content\/uploads\/2025\/08\/objekta_immobilienabend_14_thum.jpg 1041w\" sizes=\"(max-width: 800px) 100vw, 800px\" \/>\t\t\t\t\t\t\t\t\t\t\t\t\t\t\t<\/div>\n\t\t\t\t<\/div>\n\t\t\t\t\t<\/div>\n\t\t\t\t<\/div>\n\t\t<div class=\"elementor-element elementor-element-9044309 e-flex e-con-boxed e-con e-parent\" data-id=\"9044309\" data-element_type=\"container\" data-settings=\"{&quot;background_background&quot;:&quot;classic&quot;}\">\n\t\t\t\t\t<div class=\"e-con-inner\">\n\t\t\t\t<div class=\"elementor-element elementor-element-3ad8e91 elementor-widget elementor-widget-text-editor\" data-id=\"3ad8e91\" data-element_type=\"widget\" data-widget_type=\"text-editor.default\">\n\t\t\t\t\t\t\t\t\t<div class=\"container\"><div class=\"row\"><div class=\"col-xs-12 text-justify mt45\"><p>Am 20. Oktober 2022 lud die Firma Objekta Verwaltung von Haus- und Grundbesitz GmbH zum 14. Aachener Immobilienabend traditionell ins Novotel Aachen City ein. Nachdem die Firma Objekta in den letzten 2 Jahren ihren Immobilienabend wegen der Corona Pandemie ausschlie\u00dflich \u201eOnline\u201c pr\u00e4sentiert hatte, feierte in diesem Jahr der Aachener Immobilienabend in Form einer Hybrid-Veranstaltung Premiere. Wie auch in den Vorjahren war f\u00fcr die \u00dcbertragung in die \u201eWohnzimmer\u201c die Firma Showlight verantwortlich.<br \/>Frau Neullens, unsere gute Seele der Veranstaltung, durfte sich im Vorfeld der Veranstaltung \u00fcber 30 \u201eOnline\u201c sowie 75 \u201ePr\u00e4senz\u201c Anmeldungen von Verwaltungsbeir\u00e4ten, interessierten Eigent\u00fcmern, Rechtsanw\u00e4lten, Architekten und Bautr\u00e4gern freuen.<\/p><p>Nach der offiziellen Begr\u00fc\u00dfung durch unseren Prokuristen Dirk Trampen, verbunden mit einigen Dankesworten f\u00fcr die Treue an die unterst\u00fctzenden Unternehmen (Stawag Aachen AG, NetAachen, Brunata Metrona, Arei Kanalservice, Best Gruppe, A+S, TEN 31 Bank und Belfor), er\u00f6ffnete die Stawag Aachen mit ihren beiden Referenten Ralf Hinrichsmeyer zum Thema Energieberatung und Herr Thomas Jung zum Thema Elektromobilit\u00e4t den 14. Aachener Immobilienabend.<\/p><p>Auf Grund der augenblicklichen Energiekrise konnte Herr Hinrichsmeyer sehr viele Fragen der Anwesenden rund um das gerade aktuelle Thema \u201eeffiziente Energiegewinnung\u201c kompetent und sehr ausf\u00fchrlich beantworten. Logischerweise unbeantwortet blieb die Nachfrage, wie sich die Preise f\u00fcr die Bereiche Gas, Strom und Fernw\u00e4rme zuk\u00fcnftig entwickeln werden.<\/p><p>Im Anschluss berichtete Herr Thomas Jung \u00fcber die weiteren Entwicklungen zum Thema Elektromobilit\u00e4t. Besonders interessant f\u00fcr die Anwesenden war sein Statement und sein \u201eStatus Quo\u201c zum Thema Wallboxen.<\/p><p>Im Anschluss referierte unser Gesch\u00e4ftsf\u00fchrer Herr Karlheinz Henning zusammen mit dem Fachjuristen Marcel Sauren \u00fcber die rechtlichen Ver\u00e4nderungen sowie den aktuellen Auswirkungen der Energiekrise auf die Wohnungswirtschaft.<\/p><p>Herr Henning teilte seinen Vortrag in mehrere Themenbereiche auf und ging zun\u00e4chst auf die M\u00f6glichkeiten zur Anpassung der laufenden Vorauszahlungen f\u00fcr Eigent\u00fcmer und Mieter im Bereich Gastarife ein.<\/p><p>Weitere vorgetragene Themen von Herrn Henning waren zum einen der Wegfall der Umlagem\u00f6glichkeit von Kabelgeb\u00fchren ab dem 01.07.2024 als auch der Wegfall der Mietgeb\u00fchren f\u00fcr Rauchwarnmelder auf die jeweiligen Mieter.<\/p><p>\u00dcber ein weiteres sehr interessantes Thema der Anforderung der neuen Heizkosten-verordnung in Bezug auf die Digitalisierung der Messinstrumente sowie der monatlichen Verbrauchs\u00fcbermittlung an die Nutzer unterrichtete Herr Henning im Novotel. Zu diesem Thema konnte Herr Frey als Referent der Firma A+S direkt von der bereits umgesetzten Praxis berichten.<\/p><p>Abschlie\u00dfend empfahl unser Gesch\u00e4ftsf\u00fchrer Herr Henning allen Eigent\u00fcmergemeinschaften in seinem Vortrag \u00fcber vorgezogene Sanierungsma\u00dfnahmen der Heizungsanlagen unter Hinzuziehung eines Energieberaters nachzudenken. Bei m\u00f6glichen Finanzierungsproblemen steht die TEN 31 Bank f\u00fcr einen WEG Kredit jederzeit als Ansprechpartner zur Verf\u00fcgung. \u00dcber die entsprechenden M\u00f6glichkeiten einer Finanzierung gab Herr von Hauff als Referent der TEN 31 Bank direkt im Anschluss ausf\u00fchrlich Auskunft.<\/p><p>Der sehr aufschlussreiche Vortrag der diversen Themenbereiche unseres Gesch\u00e4ftsf\u00fchrers Herr Henning sorgte f\u00fcr viele konstruktive Nachfragen unter den anwesenden Teilnehmern.<\/p><p>Im Anschluss unter der Rubrik \u201e Sie fragen-wir antworten\u201c konnte unser Prokurist Herr Trampen zusammen mit den Experten noch einmal individuell auf einige Themen eingehen. So berichtete Herr Herbert Schindler von NetAachen \u00fcber die M\u00f6glichkeiten f\u00fcr Mieter und Eigent\u00fcmer ab 01.07.2024 weiterhin Kabelfernsehen zu vern\u00fcnftigen Tarifen zu beziehen.<\/p><p>Herr Comanns von der Best Gruppe erl\u00e4uterte, dass die Eigent\u00fcmergemeinschaften bei der Installation von Wallboxen in der Tiefgarage keine h\u00f6heren Beitr\u00e4ge der Geb\u00e4udeversicherung zu erwarten h\u00e4tten.<\/p><p>Herr Pfeiffer von der Firma Belfor gab Informationen zu m\u00f6glichen D\u00e4mmma\u00dfnahmen zur Energieeinsparung an H\u00e4usern.<\/p><p>Im Anschluss an die Veranstaltung konnten alle an den im Vorfeld aufgebauten Informationsst\u00e4nden weitere Informationen zu den behandelten Themen bei den Referenten einholen.<\/p><p>Auf Grund der sehr hohen Teilnehmerzahl und dem bereits erhaltenen Feedback k\u00f6nnen wir festhalten, dass auch der 14. Aachener Immobilienabend in Form der durchgef\u00fchrten \u201eHybridveranstaltung\u201c eine gelungene Veranstaltung war und auf viel positive Resonanz gesto\u00dfen ist.<\/p><\/div><\/div><\/div>\t\t\t\t\t\t\t\t<\/div>\n\t\t\t\t\t<\/div>\n\t\t\t\t<\/div>\n\t\t\t\t<\/div>\n\t\t","protected":false},"excerpt":{"rendered":"<p>R\u00fcckblick auf den 14. Aachener Immobilienabend https:\/\/youtu.be\/AsokD4eidSQ?feature=shared Am 20. Oktober 2022 lud die Firma Objekta Verwaltung von Haus- und Grundbesitz GmbH zum 14. Aachener Immobilienabend traditionell ins Novotel Aachen City ein. Nachdem die Firma Objekta in den letzten 2 Jahren ihren Immobilienabend wegen der Corona Pandemie ausschlie\u00dflich \u201eOnline\u201c pr\u00e4sentiert hatte, feierte in diesem Jahr der [&hellip;]<\/p>\n","protected":false},"author":2,"featured_media":0,"parent":0,"menu_order":0,"comment_status":"closed","ping_status":"closed","template":"","meta":{"footnotes":""},"class_list":["post-1002","page","type-page","status-publish","hentry"],"_links":{"self":[{"href":"https:\/\/objektahausverwaltung.de\/index.php\/wp-json\/wp\/v2\/pages\/1002","targetHints":{"allow":["GET"]}}],"collection":[{"href":"https:\/\/objektahausverwaltung.de\/index.php\/wp-json\/wp\/v2\/pages"}],"about":[{"href":"https:\/\/objektahausverwaltung.de\/index.php\/wp-json\/wp\/v2\/types\/page"}],"author":[{"embeddable":true,"href":"https:\/\/objektahausverwaltung.de\/index.php\/wp-json\/wp\/v2\/users\/2"}],"replies":[{"embeddable":true,"href":"https:\/\/objektahausverwaltung.de\/index.php\/wp-json\/wp\/v2\/comments?post=1002"}],"version-history":[{"count":61,"href":"https:\/\/objektahausverwaltung.de\/index.php\/wp-json\/wp\/v2\/pages\/1002\/revisions"}],"predecessor-version":[{"id":1226,"href":"https:\/\/objektahausverwaltung.de\/index.php\/wp-json\/wp\/v2\/pages\/1002\/revisions\/1226"}],"wp:attachment":[{"href":"https:\/\/objektahausverwaltung.de\/index.php\/wp-json\/wp\/v2\/media?parent=1002"}],"curies":[{"name":"wp","href":"https:\/\/api.w.org\/{rel}","templated":true}]}}

<div data-elementor-type="wp-page" data-elementor-id="1002" class="elementor elementor-1002" data-elementor-post-type="page">
				<div class="elementor-element elementor-element-d760d3d e-flex e-con-boxed e-con e-parent" data-id="d760d3d" data-element_type="container" data-settings="{&quot;background_background&quot;:&quot;classic&quot;}">
					<div class="e-con-inner">
		<div class="elementor-element elementor-element-9a1764f e-con-full e-flex e-con e-child" data-id="9a1764f" data-element_type="container">
				<div class="elementor-element elementor-element-c2ef2c4 elementor-widget elementor-widget-heading" data-id="c2ef2c4" data-element_type="widget" data-widget_type="heading.default">
					<h3 class="elementor-heading-title elementor-size-default">Rückblick auf den 14. Aachener Immobilienabend
</h3>				</div>
				<div class="elementor-element elementor-element-010ba99 elementor-widget elementor-widget-video" data-id="010ba99" data-element_type="widget" data-settings="{&quot;youtube_url&quot;:&quot;https:\/\/youtu.be\/AsokD4eidSQ?feature=shared&quot;,&quot;show_image_overlay&quot;:&quot;yes&quot;,&quot;image_overlay&quot;:{&quot;url&quot;:&quot;https:\/\/objektahausverwaltung.de\/wp-content\/uploads\/2025\/08\/immobilienabend_14_video_thum.jpg&quot;,&quot;id&quot;:1026,&quot;size&quot;:&quot;&quot;,&quot;alt&quot;:&quot;&quot;,&quot;source&quot;:&quot;library&quot;},&quot;video_type&quot;:&quot;youtube&quot;,&quot;controls&quot;:&quot;yes&quot;}" data-widget_type="video.default">
							<div class="elementor-wrapper elementor-open-inline">
			<div class="elementor-video"></div>				<div class="elementor-custom-embed-image-overlay" style="background-image: url(https://objektahausverwaltung.de/wp-content/uploads/2025/08/immobilienabend_14_video_thum.jpg);">
																<div class="elementor-custom-embed-play" role="button" aria-label="Video abspielen" tabindex="0">
							<svg aria-hidden="true" class="e-font-icon-svg e-fab-youtube" viewBox="0 0 576 512" xmlns="http://www.w3.org/2000/svg"><path d="M549.655 124.083c-6.281-23.65-24.787-42.276-48.284-48.597C458.781 64 288 64 288 64S117.22 64 74.629 75.486c-23.497 6.322-42.003 24.947-48.284 48.597-11.412 42.867-11.412 132.305-11.412 132.305s0 89.438 11.412 132.305c6.281 23.65 24.787 41.5 48.284 47.821C117.22 448 288 448 288 448s170.78 0 213.371-11.486c23.497-6.321 42.003-24.171 48.284-47.821 11.412-42.867 11.412-132.305 11.412-132.305s0-89.438-11.412-132.305zm-317.51 213.508V175.185l142.739 81.205-142.739 81.201z"></path></svg>						</div>
									</div>
					</div>
						</div>
				</div>
		<div class="elementor-element elementor-element-64f386e e-con-full e-flex e-con e-child" data-id="64f386e" data-element_type="container">
				<div class="elementor-element elementor-element-9cc8e50 elementor-widget elementor-widget-image" data-id="9cc8e50" data-element_type="widget" data-widget_type="image.default">
															<img fetchpriority="high" decoding="async" width="800" height="421" src="https://objektahausverwaltung.de/wp-content/uploads/2025/08/immobilienabend_14_thum.jpg" class="attachment-large size-large wp-image-1030" alt="" srcset="https://objektahausverwaltung.de/wp-content/uploads/2025/08/immobilienabend_14_thum.jpg 920w, https://objektahausverwaltung.de/wp-content/uploads/2025/08/immobilienabend_14_thum-300x158.jpg 300w, https://objektahausverwaltung.de/wp-content/uploads/2025/08/immobilienabend_14_thum-768x404.jpg 768w" sizes="(max-width: 800px) 100vw, 800px" />															</div>
				<div class="elementor-element elementor-element-b1c218e elementor-widget elementor-widget-image" data-id="b1c218e" data-element_type="widget" data-widget_type="image.default">
															<img decoding="async" width="800" height="420" src="https://objektahausverwaltung.de/wp-content/uploads/2025/08/objekta_immobilienabend_14_thum-1024x538.jpg" class="attachment-large size-large wp-image-1031" alt="" srcset="https://objektahausverwaltung.de/wp-content/uploads/2025/08/objekta_immobilienabend_14_thum-1024x538.jpg 1024w, https://objektahausverwaltung.de/wp-content/uploads/2025/08/objekta_immobilienabend_14_thum-300x158.jpg 300w, https://objektahausverwaltung.de/wp-content/uploads/2025/08/objekta_immobilienabend_14_thum-768x404.jpg 768w, https://objektahausverwaltung.de/wp-content/uploads/2025/08/objekta_immobilienabend_14_thum.jpg 1041w" sizes="(max-width: 800px) 100vw, 800px" />															</div>
				</div>
					</div>
				</div>
		<div class="elementor-element elementor-element-9044309 e-flex e-con-boxed e-con e-parent" data-id="9044309" data-element_type="container" data-settings="{&quot;background_background&quot;:&quot;classic&quot;}">
					<div class="e-con-inner">
				<div class="elementor-element elementor-element-3ad8e91 elementor-widget elementor-widget-text-editor" data-id="3ad8e91" data-element_type="widget" data-widget_type="text-editor.default">
									<div class="container"><div class="row"><div class="col-xs-12 text-justify mt45"><p>Am 20. Oktober 2022 lud die Firma Objekta Verwaltung von Haus- und Grundbesitz GmbH zum 14. Aachener Immobilienabend traditionell ins Novotel Aachen City ein. Nachdem die Firma Objekta in den letzten 2 Jahren ihren Immobilienabend wegen der Corona Pandemie ausschließlich „Online“ präsentiert hatte, feierte in diesem Jahr der Aachener Immobilienabend in Form einer Hybrid-Veranstaltung Premiere. Wie auch in den Vorjahren war für die Übertragung in die „Wohnzimmer“ die Firma Showlight verantwortlich.<br />Frau Neullens, unsere gute Seele der Veranstaltung, durfte sich im Vorfeld der Veranstaltung über 30 „Online“ sowie 75 „Präsenz“ Anmeldungen von Verwaltungsbeiräten, interessierten Eigentümern, Rechtsanwälten, Architekten und Bauträgern freuen.</p><p>Nach der offiziellen Begrüßung durch unseren Prokuristen Dirk Trampen, verbunden mit einigen Dankesworten für die Treue an die unterstützenden Unternehmen (Stawag Aachen AG, NetAachen, Brunata Metrona, Arei Kanalservice, Best Gruppe, A+S, TEN 31 Bank und Belfor), eröffnete die Stawag Aachen mit ihren beiden Referenten Ralf Hinrichsmeyer zum Thema Energieberatung und Herr Thomas Jung zum Thema Elektromobilität den 14. Aachener Immobilienabend.</p><p>Auf Grund der augenblicklichen Energiekrise konnte Herr Hinrichsmeyer sehr viele Fragen der Anwesenden rund um das gerade aktuelle Thema „effiziente Energiegewinnung“ kompetent und sehr ausführlich beantworten. Logischerweise unbeantwortet blieb die Nachfrage, wie sich die Preise für die Bereiche Gas, Strom und Fernwärme zukünftig entwickeln werden.</p><p>Im Anschluss berichtete Herr Thomas Jung über die weiteren Entwicklungen zum Thema Elektromobilität. Besonders interessant für die Anwesenden war sein Statement und sein „Status Quo“ zum Thema Wallboxen.</p><p>Im Anschluss referierte unser Geschäftsführer Herr Karlheinz Henning zusammen mit dem Fachjuristen Marcel Sauren über die rechtlichen Veränderungen sowie den aktuellen Auswirkungen der Energiekrise auf die Wohnungswirtschaft.</p><p>Herr Henning teilte seinen Vortrag in mehrere Themenbereiche auf und ging zunächst auf die Möglichkeiten zur Anpassung der laufenden Vorauszahlungen für Eigentümer und Mieter im Bereich Gastarife ein.</p><p>Weitere vorgetragene Themen von Herrn Henning waren zum einen der Wegfall der Umlagemöglichkeit von Kabelgebühren ab dem 01.07.2024 als auch der Wegfall der Mietgebühren für Rauchwarnmelder auf die jeweiligen Mieter.</p><p>Über ein weiteres sehr interessantes Thema der Anforderung der neuen Heizkosten-verordnung in Bezug auf die Digitalisierung der Messinstrumente sowie der monatlichen Verbrauchsübermittlung an die Nutzer unterrichtete Herr Henning im Novotel. Zu diesem Thema konnte Herr Frey als Referent der Firma A+S direkt von der bereits umgesetzten Praxis berichten.</p><p>Abschließend empfahl unser Geschäftsführer Herr Henning allen Eigentümergemeinschaften in seinem Vortrag über vorgezogene Sanierungsmaßnahmen der Heizungsanlagen unter Hinzuziehung eines Energieberaters nachzudenken. Bei möglichen Finanzierungsproblemen steht die TEN 31 Bank für einen WEG Kredit jederzeit als Ansprechpartner zur Verfügung. Über die entsprechenden Möglichkeiten einer Finanzierung gab Herr von Hauff als Referent der TEN 31 Bank direkt im Anschluss ausführlich Auskunft.</p><p>Der sehr aufschlussreiche Vortrag der diversen Themenbereiche unseres Geschäftsführers Herr Henning sorgte für viele konstruktive Nachfragen unter den anwesenden Teilnehmern.</p><p>Im Anschluss unter der Rubrik „ Sie fragen-wir antworten“ konnte unser Prokurist Herr Trampen zusammen mit den Experten noch einmal individuell auf einige Themen eingehen. So berichtete Herr Herbert Schindler von NetAachen über die Möglichkeiten für Mieter und Eigentümer ab 01.07.2024 weiterhin Kabelfernsehen zu vernünftigen Tarifen zu beziehen.</p><p>Herr Comanns von der Best Gruppe erläuterte, dass die Eigentümergemeinschaften bei der Installation von Wallboxen in der Tiefgarage keine höheren Beiträge der Gebäudeversicherung zu erwarten hätten.</p><p>Herr Pfeiffer von der Firma Belfor gab Informationen zu möglichen Dämmmaßnahmen zur Energieeinsparung an Häusern.</p><p>Im Anschluss an die Veranstaltung konnten alle an den im Vorfeld aufgebauten Informationsständen weitere Informationen zu den behandelten Themen bei den Referenten einholen.</p><p>Auf Grund der sehr hohen Teilnehmerzahl und dem bereits erhaltenen Feedback können wir festhalten, dass auch der 14. Aachener Immobilienabend in Form der durchgeführten „Hybridveranstaltung“ eine gelungene Veranstaltung war und auf viel positive Resonanz gestoßen ist.</p></div></div></div>								</div>
					</div>
				</div>
				</div>

<p>Rückblick auf den 14. Aachener Immobilienabend https://youtu.be/AsokD4eidSQ?feature=shared Am 20. Oktober 2022 lud die Firma Objekta Verwaltung von Haus- und Grundbesitz GmbH zum 14. Aachener Immobilienabend traditionell ins Novotel Aachen City ein. Nachdem die Firma Objekta in den letzten 2 Jahren ihren Immobilienabend wegen der Corona Pandemie ausschließlich „Online“ präsentiert hatte, feierte in diesem Jahr der [&hellip;]</p>
